{"id":4560,"date":"2024-05-03T11:04:58","date_gmt":"2024-05-03T09:04:58","guid":{"rendered":"https:\/\/www.smart-rail-campus.de\/?page_id=4560"},"modified":"2024-12-12T10:56:27","modified_gmt":"2024-12-12T09:56:27","slug":"zertifikatskurs-grundlagen-des-bahnbetriebs","status":"publish","type":"page","link":"https:\/\/www.smart-rail-campus.de\/?page_id=4560","title":{"rendered":"Zertifikatskurs Grundlagen des Bahnbetriebs"},"content":{"rendered":"\t\t<div data-elementor-type=\"wp-page\" data-elementor-id=\"4560\" class=\"elementor elementor-4560\">\n\t\t\t\t\t\t<section class=\"elementor-section elementor-top-section elementor-element elementor-element-b5181a9 elementor-section-boxed elementor-section-height-default elementor-section-height-default\" data-id=\"b5181a9\" data-element_type=\"section\" data-e-type=\"section\">\n\t\t\t\t\t\t<div class=\"elementor-container elementor-column-gap-default\">\n\t\t\t\t\t<div class=\"elementor-column elementor-col-100 elementor-top-column elementor-element elementor-element-d639589\" data-id=\"d639589\" data-element_type=\"column\" data-e-type=\"column\">\n\t\t\t<div class=\"elementor-widget-wrap elementor-element-populated\">\n\t\t\t\t\t\t<div class=\"elementor-element elementor-element-99cea42 elementor-widget elementor-widget-text-editor\" data-id=\"99cea42\" data-element_type=\"widget\" data-e-type=\"widget\" data-widget_type=\"text-editor.default\">\n\t\t\t\t<div class=\"elementor-widget-container\">\n\t\t\t\t\t\t\t\t\t<p><strong>Ihr Nutzen<br \/><\/strong><\/p><p><span class=\"wixui-rich-text__text\">Der Bedarf an hochqualifizierten Fach- und F\u00fchrungskr\u00e4ften im Sektor Bahn w\u00e4chst stetig an. Der Kurs \u201eGrundlagen des Bahnbetriebs\u201c bietet das notwendige Hintergrundwissen zum System Bahn, sowie zu betrieblichen Prozessen, Aufgaben und Schnittstellen. Er stellt die technischen Systemkomponenten des Bahnbetriebs vor und erl\u00e4utert die unterschiedlichen Aufgabenbereiche. Durch die N\u00e4he zum Testfeld der Erzgebirgsbahn wird der praktische Teil des Kurses direkt in unmittelbarer Campusn\u00e4he stattfinden und bietet ein breites Spektrum an anschaulicher Technik.<\/span><\/p>\t\t\t\t\t\t\t\t<\/div>\n\t\t\t\t<\/div>\n\t\t\t\t<div class=\"elementor-element elementor-element-393cdbc elementor-widget elementor-widget-text-editor\" data-id=\"393cdbc\" data-element_type=\"widget\" data-e-type=\"widget\" data-widget_type=\"text-editor.default\">\n\t\t\t\t<div class=\"elementor-widget-container\">\n\t\t\t\t\t\t\t\t\t<p><strong>Das Wichtigste in K\u00fcrze<\/strong><\/p><p><strong>Zielgruppe:\u00a0\u00a0<\/strong> \u00a0\u00a0\u00a0\u00a0\u00a0\u00a0\u00a0\u00a0\u00a0\u00a0\u00a0\u00a0\u00a0\u00a0\u00a0\u00a0 \u00a0 \u00a0\u00a0 <span class=\"wixui-rich-text__text\">Mitarbeiterinnen und Mitarbeiter von Ingenieurb\u00fcros und allen bahnspezifischen Unternehmen mit fachfremder Ausbildungen <\/span><\/p><p><strong><span class=\"wixui-rich-text__text\">Abschluss<\/span>:\u00a0\u00a0<\/strong> \u00a0\u00a0\u00a0\u00a0\u00a0\u00a0\u00a0\u00a0\u00a0\u00a0\u00a0\u00a0\u00a0\u00a0\u00a0\u00a0\u00a0\u00a0 \u00a0\u00a0\u00a0 <span class=\"wixui-rich-text__text\">fachspezifisch anerkannter Abschluss mit Fachpr\u00fcfung<\/span><\/p><p><strong><span class=\"wixui-rich-text__text\">Weiterbildungskonzept<\/span>:\u00a0\u00a0 <\/strong><span class=\"wixui-rich-text__text\">berufsbegleitender Weiterbildungskurs in Pr\u00e4senz<\/span><strong><br \/><\/strong><\/p><p><strong><span class=\"wixui-rich-text__text\">Lehrveranstaltungen:<\/span><\/strong><span class=\"wixui-rich-text__text\"> \u00a0\u00a0\u00a0\u00a0\u00a0 eine ganzt\u00e4gige Pr\u00e4senzlehrphase montags bis freitags inkl. Praxisanteil im Testfeld der DB RegioNetz Erzgebirgsbahn<\/span><\/p><p class=\"font_7 wixui-rich-text__text\"><strong><span class=\"wixui-rich-text__text\">Teilnehmerzahl:<\/span><\/strong><span class=\"wixui-rich-text__text\"> \u00a0\u00a0\u00a0\u00a0\u00a0\u00a0\u00a0\u00a0\u00a0\u00a0\u00a0\u00a0\u00a0\u00a0 Kursgruppe von mindestens 9 Personen und maximal 15 Personen pro Kursdurchgang<\/span><\/p><p class=\"font_7 wixui-rich-text__text\"><strong><span class=\"wixui-rich-text__text\">Kurstermin: \u00a0 \u00a0 \u00a0 \u00a0 \u00a0 \u00a0 \u00a0 \u00a0 \u00a0 \u00a0 \u00a0 <\/span><\/strong><span class=\"wixui-rich-text__text\">31.03.-04.04.2025<br \/><\/span><\/p><p><strong>Ort:\u00a0\u00a0\u00a0\u00a0\u00a0\u00a0<\/strong>\u00a0\u00a0 \u00a0 \u00a0 \u00a0 \u00a0 \u00a0 \u00a0 \u00a0 \u00a0 \u00a0 \u00a0 \u00a0 \u00a0 \u00a0 \u00a0\u00a0 <span class=\"wixui-rich-text__text\">Forschungscampus am unteren Bahnhof, Annaberg-Buchholz<\/span><\/p>\t\t\t\t\t\t\t\t<\/div>\n\t\t\t\t<\/div>\n\t\t\t\t\t<\/div>\n\t\t<\/div>\n\t\t\t\t\t<\/div>\n\t\t<\/section>\n\t\t\t\t<section class=\"elementor-section elementor-top-section elementor-element elementor-element-458caa7 elementor-section-boxed elementor-section-height-default elementor-section-height-default\" data-id=\"458caa7\" data-element_type=\"section\" data-e-type=\"section\">\n\t\t\t\t\t\t<div class=\"elementor-container elementor-column-gap-default\">\n\t\t\t\t\t<div class=\"elementor-column elementor-col-100 elementor-top-column elementor-element elementor-element-a429960\" data-id=\"a429960\" data-element_type=\"column\" data-e-type=\"column\">\n\t\t\t<div class=\"elementor-widget-wrap elementor-element-populated\">\n\t\t\t\t\t\t<div class=\"elementor-element elementor-element-f47d797 elementor-widget__width-initial elementor-widget elementor-widget-text-editor\" data-id=\"f47d797\" data-element_type=\"widget\" data-e-type=\"widget\" data-widget_type=\"text-editor.default\">\n\t\t\t\t<div class=\"elementor-widget-container\">\n\t\t\t\t\t\t\t\t\t<p><strong>Wesentliche Kursinhalte<br \/><\/strong><\/p><div class=\"\" data-mesh-id=\"comp-lt5jjzhd1inlineContent\" data-testid=\"inline-content\"><div data-mesh-id=\"comp-lt5jjzhd1inlineContent-gridContainer\" data-testid=\"mesh-container-content\"><div id=\"comp-lt5jjzhf3\" class=\"HcOXKn c9GqVL QxJLC3 comp-lt5jjzhf3 wixui-rich-text\" data-testid=\"richTextElement\"><ul class=\"font_7 wixui-rich-text__text\"><li class=\"wixui-rich-text__text\"><p class=\"font_7 wixui-rich-text__text\"><span class=\"wixui-rich-text__text\">Funktionen im Bahnbetrieb,<\/span><\/p><\/li><li class=\"wixui-rich-text__text\"><p class=\"font_7 wixui-rich-text__text\"><span class=\"wixui-rich-text__text\">\u00a0Regeln der m\u00fcndlichen und der fern<\/span><span class=\"wixui-rich-text__text\">m\u00fcndlichen Kommunikation,<\/span><\/p><\/li><li class=\"wixui-rich-text__text\"><p class=\"font_7 wixui-rich-text__text\"><span class=\"wixui-rich-text__text\">Zweck und Bedeutung ausgew\u00e4hlter Sig<\/span><span class=\"wixui-rich-text__text\">nale,<\/span><\/p><\/li><li class=\"wixui-rich-text__text\"><p class=\"font_7 wixui-rich-text__text\"><span class=\"wixui-rich-text__text\">Betriebsverfahrens beim Rangieren,<\/span><\/p><\/li><li class=\"wixui-rich-text__text\"><p class=\"font_7 wixui-rich-text__text\"><span class=\"wixui-rich-text__text\">Bedeutung von Fahrpl\u00e4nen f\u00fcr die Betriebs(durch)f\u00fchrung,<\/span><\/p><\/li><li class=\"wixui-rich-text__text\"><span class=\"wixui-rich-text__text\">Durchf\u00fchrung von Zugfahrten im Regel<\/span><span class=\"wixui-rich-text__text\">betrieb,<\/span><\/li><li class=\"wixui-rich-text__text\"><p class=\"font_7 wixui-rich-text__text\"><span class=\"wixui-rich-text__text\">Gesetze, Rechtsverordnungen und Richt<\/span><span class=\"wixui-rich-text__text\">linien und Zusammenarbeit mit Beh\u00f6rden,<\/span><\/p><\/li><li class=\"wixui-rich-text__text\"><p class=\"font_7 wixui-rich-text__text\"><span class=\"wixui-rich-text__text\">Sicherheitsbestimmungen f\u00fcr den Trans<\/span><span class=\"wixui-rich-text__text\">port gef\u00e4hrlicher G\u00fcter,<\/span><\/p><\/li><li class=\"wixui-rich-text__text\"><p class=\"font_7 wixui-rich-text__text\"><span class=\"wixui-rich-text__text\">Notfallmanagement,<\/span><\/p><\/li><li class=\"wixui-rich-text__text\"><p class=\"font_7 wixui-rich-text__text\"><span class=\"wixui-rich-text__text\">Gefahren im Bahnbetrieb,<\/span><\/p><\/li><li class=\"wixui-rich-text__text\"><p class=\"font_7 wixui-rich-text__text\"><span class=\"wixui-rich-text__text\">Abschlusspr\u00fcfung (45min Multiple-Choice-Fragen).<\/span><\/p><\/li><\/ul><\/div><\/div><\/div><p>\u00a0<\/p>\t\t\t\t\t\t\t\t<\/div>\n\t\t\t\t<\/div>\n\t\t\t\t\t<\/div>\n\t\t<\/div>\n\t\t\t\t\t<\/div>\n\t\t<\/section>\n\t\t\t\t<section class=\"elementor-section elementor-top-section elementor-element elementor-element-a91c698 elementor-section-boxed elementor-section-height-default elementor-section-height-default\" data-id=\"a91c698\" data-element_type=\"section\" data-e-type=\"section\">\n\t\t\t\t\t\t<div class=\"elementor-container elementor-column-gap-default\">\n\t\t\t\t\t<div class=\"elementor-column elementor-col-100 elementor-top-column elementor-element elementor-element-0041468\" data-id=\"0041468\" data-element_type=\"column\" data-e-type=\"column\">\n\t\t\t<div class=\"elementor-widget-wrap elementor-element-populated\">\n\t\t\t\t\t\t<div class=\"elementor-element elementor-element-e9fe299 elementor-align-left elementor-widget elementor-widget-button\" data-id=\"e9fe299\" data-element_type=\"widget\" data-e-type=\"widget\" data-widget_type=\"button.default\">\n\t\t\t\t<div class=\"elementor-widget-container\">\n\t\t\t\t\t\t\t\t\t<div class=\"elementor-button-wrapper\">\n\t\t\t\t\t<a class=\"elementor-button elementor-button-link elementor-size-sm\" href=\"https:\/\/www.bahn-forschung.com\/qualifizierung\">\n\t\t\t\t\t\t<span class=\"elementor-button-content-wrapper\">\n\t\t\t\t\t\t\t\t\t<span class=\"elementor-button-text\">Hier geht es zur Anmeldung.<\/span>\n\t\t\t\t\t<\/span>\n\t\t\t\t\t<\/a>\n\t\t\t\t<\/div>\n\t\t\t\t\t\t\t\t<\/div>\n\t\t\t\t<\/div>\n\t\t\t\t\t<\/div>\n\t\t<\/div>\n\t\t\t\t\t<\/div>\n\t\t<\/section>\n\t\t\t\t<\/div>\n\t\t","protected":false},"excerpt":{"rendered":"<p>Ihr Nutzen Der Bedarf an hochqualifizierten Fach- und F\u00fchrungskr\u00e4ften im Sektor Bahn w\u00e4chst stetig an. Der Kurs \u201eGrundlagen des Bahnbetriebs\u201c bietet das notwendige Hintergrundwissen zum System Bahn, sowie zu betrieblichen Prozessen, Aufgaben und Schnittstellen. Er stellt die technischen Systemkomponenten des Bahnbetriebs vor und erl\u00e4utert die unterschiedlichen Aufgabenbereiche. Durch die N\u00e4he zum Testfeld der Erzgebirgsbahn wird [&hellip;]<\/p>\n","protected":false},"author":1,"featured_media":0,"parent":0,"menu_order":0,"comment_status":"closed","ping_status":"closed","template":"","meta":{"footnotes":""},"class_list":["post-4560","page","type-page","status-publish","hentry","post"],"_links":{"self":[{"href":"https:\/\/www.smart-rail-campus.de\/index.php?rest_route=\/wp\/v2\/pages\/4560","targetHints":{"allow":["GET"]}}],"collection":[{"href":"https:\/\/www.smart-rail-campus.de\/index.php?rest_route=\/wp\/v2\/pages"}],"about":[{"href":"https:\/\/www.smart-rail-campus.de\/index.php?rest_route=\/wp\/v2\/types\/page"}],"author":[{"embeddable":true,"href":"https:\/\/www.smart-rail-campus.de\/index.php?rest_route=\/wp\/v2\/users\/1"}],"replies":[{"embeddable":true,"href":"https:\/\/www.smart-rail-campus.de\/index.php?rest_route=%2Fwp%2Fv2%2Fcomments&post=4560"}],"version-history":[{"count":34,"href":"https:\/\/www.smart-rail-campus.de\/index.php?rest_route=\/wp\/v2\/pages\/4560\/revisions"}],"predecessor-version":[{"id":5841,"href":"https:\/\/www.smart-rail-campus.de\/index.php?rest_route=\/wp\/v2\/pages\/4560\/revisions\/5841"}],"wp:attachment":[{"href":"https:\/\/www.smart-rail-campus.de\/index.php?rest_route=%2Fwp%2Fv2%2Fmedia&parent=4560"}],"curies":[{"name":"wp","href":"https:\/\/api.w.org\/{rel}","templated":true}]}}