{"id":4891,"date":"2024-06-20T09:39:44","date_gmt":"2024-06-20T07:39:44","guid":{"rendered":"https:\/\/www.smart-rail-campus.de\/?page_id=4891"},"modified":"2024-07-10T09:46:27","modified_gmt":"2024-07-10T07:46:27","slug":"ferienausflug-ins-schueler-lab-der-whz-04-07-2024","status":"publish","type":"page","link":"https:\/\/www.smart-rail-campus.de\/?page_id=4891","title":{"rendered":"Ferienausflug ins Sch\u00fcler-Lab der WHZ (16.10.2024)"},"content":{"rendered":"\t\t<div data-elementor-type=\"wp-page\" data-elementor-id=\"4891\" class=\"elementor elementor-4891\">\n\t\t\t\t\t\t<section class=\"elementor-section elementor-top-section elementor-element elementor-element-8030aad elementor-section-boxed elementor-section-height-default elementor-section-height-default\" data-id=\"8030aad\" data-element_type=\"section\" data-e-type=\"section\">\n\t\t\t\t\t\t<div class=\"elementor-container elementor-column-gap-default\">\n\t\t\t\t\t<div class=\"elementor-column elementor-col-100 elementor-top-column elementor-element elementor-element-34268c2\" data-id=\"34268c2\" data-element_type=\"column\" data-e-type=\"column\">\n\t\t\t<div class=\"elementor-widget-wrap elementor-element-populated\">\n\t\t\t\t\t\t<div class=\"elementor-element elementor-element-bf62059 elementor-widget elementor-widget-heading\" data-id=\"bf62059\" data-element_type=\"widget\" data-e-type=\"widget\" data-widget_type=\"heading.default\">\n\t\t\t\t<div class=\"elementor-widget-container\">\n\t\t\t\t\t<h5 class=\"elementor-heading-title elementor-size-default\">Veranstaltungshinweis: Ferienausflug ins Sch\u00fcler-Lab der Wests\u00e4chsischen Hochschule Zwickau<\/h5>\t\t\t\t<\/div>\n\t\t\t\t<\/div>\n\t\t\t\t\t<\/div>\n\t\t<\/div>\n\t\t\t\t\t<\/div>\n\t\t<\/section>\n\t\t\t\t<section class=\"elementor-section elementor-top-section elementor-element elementor-element-f89d93f elementor-section-boxed elementor-section-height-default elementor-section-height-default\" data-id=\"f89d93f\" data-element_type=\"section\" data-e-type=\"section\">\n\t\t\t\t\t\t<div class=\"elementor-container elementor-column-gap-default\">\n\t\t\t\t\t<div class=\"elementor-column elementor-col-50 elementor-top-column elementor-element elementor-element-983948c\" data-id=\"983948c\" data-element_type=\"column\" data-e-type=\"column\">\n\t\t\t<div class=\"elementor-widget-wrap elementor-element-populated\">\n\t\t\t\t\t\t<div class=\"elementor-element elementor-element-0fe65ed elementor-widget elementor-widget-text-editor\" data-id=\"0fe65ed\" data-element_type=\"widget\" data-e-type=\"widget\" data-widget_type=\"text-editor.default\">\n\t\t\t\t<div class=\"elementor-widget-container\">\n\t\t\t\t\t\t\t\t\t<p>Liebe Eltern und liebe Kinder,<\/p><p>wir laden euch zu einem Ferienausflug ins Sch\u00fcler-Lab der Wests\u00e4chsischen Hochschule Zwickau (WHZ) ein. Am <strong>Mittwoch, den 16. Oktober 2024<\/strong>, erwartet euch von <strong>9:30 bis ca. 12:30 Uhr<\/strong> ein Vormittag voller Spa\u00df und Abenteuer mit LEGO\u00ae.<\/p><p>Stellt euch vor, ihr k\u00f6nnt LEGO\u00ae-Modelle zum Leben erwecken, eigene 3D-Kreationen bauen und Eisenbahnanlagen gestalten! Genau das k\u00f6nnt ihr im Sch\u00fcler-Lab erleben.<\/p><p>Unsere j\u00fcngeren G\u00e4ste aus der Grundschule k\u00f6nnen in der Eisenbahnwelt mit LEGO\u00ae ihre eigenen Gleisanlagen und Rangierbahnh\u00f6fe bauen.<\/p><p>F\u00fcr die T\u00fcftler der Klassenstufe 5 bis 8 gibt es einen coolen Programmierworkshop, bei dem ihr einen eigenen Roboter baut und diesen so programmiert, dass er Aufgaben l\u00f6sen kann.<\/p><p>Seid ihr in der 7. oder 8. Klasse k\u00f6nnt im Mecabricks-Workshop eigene 3D LEGO\u00ae-Modelle online gestalten und zeigen, was in euch steckt.<\/p><p>Nat\u00fcrlich gibt es auch Pausen, in denen ihr euch bei einer Runde Mini-Golf austoben k\u00f6nnt.<\/p><p>Treffpunkt ist um 9:15 Uhr vor dem Sch\u00fcler-Lab der WHZ. (Dr.-Friedrichs-Ring 1, 08056 Zwickau; Hintergeb\u00e4ude \/ Google-Maps Markierung f\u00fcr den Eingang des Sch\u00fcler-Lab: <a href=\"https:\/\/www.google.com\/maps\/place\/PF7W%2BJFG,+Zwickau\/@50.7140625,12.495558,19z\/data=!3m1!4b1!4m5!3m4!1s0x47a72c564a4c3cc3:0xc24802aae67a63c8!8m2!3d50.7140625!4d12.4962031?entry=ttu\">PF7W+JFG Zwickau<\/a>)<\/p><p>Meldet euch schnell an, denn die Pl\u00e4tze sind begrenzt: maximal 12 Kinder ab Klasse 5 und maximal 8 Grundsch\u00fcler k\u00f6nnen teilnehmen.<\/p><p>Die Anmeldung erfolgt \u00fcber den folgenden Link: <a href=\"https:\/\/www.vdi.de\/veranstaltungen\/detail\/ferienausflug-in-das-schueler-lab-der-whz\">https:\/\/www.vdi.de\/veranstaltungen\/detail\/ferienausflug-ins-schueler-lab-der-whz<\/a><\/p><p>Seid dabei und sichert euch einen Platz f\u00fcr einen Vormittag voller Spa\u00df und Kreativit\u00e4t im Sch\u00fcler-Lab der WHZ!<\/p><p>Wir freuen uns auf euch!<\/p>\t\t\t\t\t\t\t\t<\/div>\n\t\t\t\t<\/div>\n\t\t\t\t\t<\/div>\n\t\t<\/div>\n\t\t\t\t<div class=\"elementor-column elementor-col-50 elementor-top-column elementor-element elementor-element-9f8b8bd\" data-id=\"9f8b8bd\" data-element_type=\"column\" data-e-type=\"column\">\n\t\t\t<div class=\"elementor-widget-wrap elementor-element-populated\">\n\t\t\t\t\t\t<div class=\"elementor-element elementor-element-a74925b elementor-widget elementor-widget-image\" data-id=\"a74925b\" data-element_type=\"widget\" data-e-type=\"widget\" data-widget_type=\"image.default\">\n\t\t\t\t<div class=\"elementor-widget-container\">\n\t\t\t\t\t\t\t\t\t\t\t\t\t\t\t<img fetchpriority=\"high\" decoding=\"async\" width=\"720\" height=\"1018\" src=\"https:\/\/www.smart-rail-campus.de\/wp-content\/uploads\/2024\/07\/16.10._Ferienausflug-ins-Schueler-Lab-der-WHZ-724x1024.png\" class=\"attachment-large size-large wp-image-5060\" alt=\"\" srcset=\"https:\/\/www.smart-rail-campus.de\/wp-content\/uploads\/2024\/07\/16.10._Ferienausflug-ins-Schueler-Lab-der-WHZ-724x1024.png 724w, https:\/\/www.smart-rail-campus.de\/wp-content\/uploads\/2024\/07\/16.10._Ferienausflug-ins-Schueler-Lab-der-WHZ-212x300.png 212w, https:\/\/www.smart-rail-campus.de\/wp-content\/uploads\/2024\/07\/16.10._Ferienausflug-ins-Schueler-Lab-der-WHZ-768x1086.png 768w, https:\/\/www.smart-rail-campus.de\/wp-content\/uploads\/2024\/07\/16.10._Ferienausflug-ins-Schueler-Lab-der-WHZ-1086x1536.png 1086w, https:\/\/www.smart-rail-campus.de\/wp-content\/uploads\/2024\/07\/16.10._Ferienausflug-ins-Schueler-Lab-der-WHZ-1448x2048.png 1448w, https:\/\/www.smart-rail-campus.de\/wp-content\/uploads\/2024\/07\/16.10._Ferienausflug-ins-Schueler-Lab-der-WHZ.png 1587w\" sizes=\"(max-width: 720px) 100vw, 720px\" \/>\t\t\t\t\t\t\t\t\t\t\t\t\t\t\t<\/div>\n\t\t\t\t<\/div>\n\t\t\t\t\t<\/div>\n\t\t<\/div>\n\t\t\t\t\t<\/div>\n\t\t<\/section>\n\t\t\t\t<section class=\"elementor-section elementor-top-section elementor-element elementor-element-2098f62 elementor-section-boxed elementor-section-height-default elementor-section-height-default\" data-id=\"2098f62\" data-element_type=\"section\" data-e-type=\"section\">\n\t\t\t\t\t\t<div class=\"elementor-container elementor-column-gap-default\">\n\t\t\t\t\t<div class=\"elementor-column elementor-col-100 elementor-top-column elementor-element elementor-element-c238f57\" data-id=\"c238f57\" data-element_type=\"column\" data-e-type=\"column\">\n\t\t\t<div class=\"elementor-widget-wrap elementor-element-populated\">\n\t\t\t\t\t\t<div class=\"elementor-element elementor-element-c31726f elementor-widget elementor-widget-button\" data-id=\"c31726f\" data-element_type=\"widget\" data-e-type=\"widget\" data-widget_type=\"button.default\">\n\t\t\t\t<div class=\"elementor-widget-container\">\n\t\t\t\t\t\t\t\t\t<div class=\"elementor-button-wrapper\">\n\t\t\t\t\t<a class=\"elementor-button elementor-button-link elementor-size-sm\" href=\"\">\n\t\t\t\t\t\t<span class=\"elementor-button-content-wrapper\">\n\t\t\t\t\t\t\t\t\t<span class=\"elementor-button-text\">Poster herunterladen<\/span>\n\t\t\t\t\t<\/span>\n\t\t\t\t\t<\/a>\n\t\t\t\t<\/div>\n\t\t\t\t\t\t\t\t<\/div>\n\t\t\t\t<\/div>\n\t\t\t\t<div class=\"elementor-element elementor-element-109a000 elementor-widget elementor-widget-google_maps\" data-id=\"109a000\" data-element_type=\"widget\" data-e-type=\"widget\" data-widget_type=\"google_maps.default\">\n\t\t\t\t<div class=\"elementor-widget-container\">\n\t\t\t\t\t\t\t<div class=\"elementor-custom-embed\">\n\t\t\t<iframe loading=\"lazy\"\n\t\t\t\t\tsrc=\"https:\/\/maps.google.com\/maps?q=Dr.-Friedrichs-Ring%201%2C%2008056%20Zwickau&#038;t=m&#038;z=9&#038;output=embed&#038;iwloc=near\"\n\t\t\t\t\ttitle=\"Dr.-Friedrichs-Ring 1, 08056 Zwickau\"\n\t\t\t\t\taria-label=\"Dr.-Friedrichs-Ring 1, 08056 Zwickau\"\n\t\t\t><\/iframe>\n\t\t<\/div>\n\t\t\t\t\t\t<\/div>\n\t\t\t\t<\/div>\n\t\t\t\t\t<\/div>\n\t\t<\/div>\n\t\t\t\t\t<\/div>\n\t\t<\/section>\n\t\t\t\t<section class=\"elementor-section elementor-top-section elementor-element elementor-element-da3d12b elementor-section-boxed elementor-section-height-default elementor-section-height-default\" data-id=\"da3d12b\" data-element_type=\"section\" data-e-type=\"section\">\n\t\t\t\t\t\t<div class=\"elementor-container elementor-column-gap-default\">\n\t\t\t\t\t<div class=\"elementor-column elementor-col-100 elementor-top-column elementor-element elementor-element-2ef15a5\" data-id=\"2ef15a5\" data-element_type=\"column\" data-e-type=\"column\">\n\t\t\t<div class=\"elementor-widget-wrap\">\n\t\t\t\t\t\t\t<\/div>\n\t\t<\/div>\n\t\t\t\t\t<\/div>\n\t\t<\/section>\n\t\t\t\t<\/div>\n\t\t","protected":false},"excerpt":{"rendered":"<p>Veranstaltungshinweis: Ferienausflug ins Sch\u00fcler-Lab der Wests\u00e4chsischen Hochschule Zwickau Liebe Eltern und liebe Kinder, wir laden euch zu einem Ferienausflug ins Sch\u00fcler-Lab der Wests\u00e4chsischen Hochschule Zwickau (WHZ) ein. Am Mittwoch, den 16. Oktober 2024, erwartet euch von 9:30 bis ca. 12:30 Uhr ein Vormittag voller Spa\u00df und Abenteuer mit LEGO\u00ae. Stellt euch vor, ihr k\u00f6nnt LEGO\u00ae-Modelle [&hellip;]<\/p>\n","protected":false},"author":1,"featured_media":0,"parent":0,"menu_order":0,"comment_status":"closed","ping_status":"closed","template":"","meta":{"footnotes":""},"class_list":["post-4891","page","type-page","status-publish","hentry","post"],"_links":{"self":[{"href":"https:\/\/www.smart-rail-campus.de\/index.php?rest_route=\/wp\/v2\/pages\/4891","targetHints":{"allow":["GET"]}}],"collection":[{"href":"https:\/\/www.smart-rail-campus.de\/index.php?rest_route=\/wp\/v2\/pages"}],"about":[{"href":"https:\/\/www.smart-rail-campus.de\/index.php?rest_route=\/wp\/v2\/types\/page"}],"author":[{"embeddable":true,"href":"https:\/\/www.smart-rail-campus.de\/index.php?rest_route=\/wp\/v2\/users\/1"}],"replies":[{"embeddable":true,"href":"https:\/\/www.smart-rail-campus.de\/index.php?rest_route=%2Fwp%2Fv2%2Fcomments&post=4891"}],"version-history":[{"count":23,"href":"https:\/\/www.smart-rail-campus.de\/index.php?rest_route=\/wp\/v2\/pages\/4891\/revisions"}],"predecessor-version":[{"id":5066,"href":"https:\/\/www.smart-rail-campus.de\/index.php?rest_route=\/wp\/v2\/pages\/4891\/revisions\/5066"}],"wp:attachment":[{"href":"https:\/\/www.smart-rail-campus.de\/index.php?rest_route=%2Fwp%2Fv2%2Fmedia&parent=4891"}],"curies":[{"name":"wp","href":"https:\/\/api.w.org\/{rel}","templated":true}]}}